, 653, 22037
List the prime factors of 1243445819.
7, 11, 16148647
What are the prime factors of 674957595?
3, 5, 13, 71, 48751
What are the prime factors of 60173152?
2, 13, 19, 23, 331
What are the prime factors of 3618005708?
2, 23, 39326149
What are the prime factors of 3268222914?
2, 3, 11, 41, 1207769
What are the prime factors of 427316210?
2, 5, 53, 806257
What are the prime factors of 49356809?
49356809
List the prime factors of 6352504448.
2, 49628941
List the prime factors of 64696583.
7, 239, 38671
List the prime factors of 72664939.
72664939
List the prime factors of 81375250.
2, 5, 11, 127, 233
List the prime factors of 2040651472.
2, 127540717
List the prime factors of 97276942.
2, 7, 53, 131101
What are the prime factors of 361855784?
2, 97, 631, 739
List the prime factors of 508504105.
5, 5879, 17299
List the prime factors of 87962394.
2, 3, 13, 29, 37, 1051
List the prime factors of 342964939.
342964939
List the prime factors of 20958461.
20958461
List the prime factors of 861824458.
2, 11, 19, 1283, 1607
List the prime factors of 16543078.
2, 61, 135599
List the prime factors of 2638049227.
11, 239822657
List the prime factors of 3024877.
3024877
What are the prime factors of 7192380010?
2, 5, 577, 1246513
What are the prime factors of 54615912?
2, 3, 13, 193, 907
What are the prime factors of 8903385857?
1319, 6750103
List the prime factors of 202522350.
2, 3, 5, 331, 4079
What are the prime factors of 325211716?
2, 79, 1029151
What are the prime factors of 1197577265?
5, 239515453
List the prime factors of 399514861.
399514861
List the prime factors of 71143000.
2, 5, 71143
List the prime factors of 691514205.
3, 5, 23, 773, 2593
What are the prime factors of 802345117?
7, 29, 73, 1867
What are the prime factors of 238301625?
3, 5, 635471
List the prime factors of 1157928103.
67, 83, 208223
What are the prime factors of 592841916?
2, 3, 1829759
List the prime factors of 301302629.
71, 4243699
List the prime factors of 14406510.
2, 3, 5, 23, 20879
What are the prime factors of 2547428322?
2, 3, 241, 439, 4013
List the prime factors of 320588942.
2, 37, 103, 42061
List the prime factors of 173354453.
173354453
What are the prime factors of 7869991820?
2, 5, 41, 9597551
What are the prime factors of 379363074?
2, 3, 6203, 10193
What are the prime factors of 1075966118?
2, 229, 2349271
What are the prime factors of 248048597?
248048597
List the prime factors of 11858724.
2, 3, 17, 2153
List the prime factors of 312826971.
3, 37, 47, 61, 983
What are the prime factors of 21404390?
2, 5, 7, 167, 1831
What are the prime factors of 1604656753?
7, 32748097
List the prime factors of 201976535.
5, 79, 511333
What are the prime factors of 77950982?
2, 271, 143821
List the prime factors of 207110289.
3, 4519, 15277
What are the prime factors of 228246332?
2, 1993, 28631
What are the prime factors of 67062188?
2, 16765547
What are the prime factors of 239085139?
137, 1745147
What are the prime factors of 1705257926?
2, 852628963
What are the prime factors of 1071226612?
2, 19, 61, 231067
List the prime factors of 18444719.
947, 19477
What are the prime factors of 2712684119?
37, 73315787
What are the prime factors of 198495345?
3, 5, 2473, 5351
What are the prime factors of 18099690?
2, 3, 5, 7, 79, 1091
List the prime factors of 399080234.
2, 7, 131, 167, 1303
List the prime factors of 43584257.
181, 240797
List the prime factors of 6499775798.
2, 71, 45773069
What are the prime factors of 1033132438?
2, 13, 599, 66337
List the prime factors of 332540475.
3, 5, 1087, 4079
List the prime factors of 172802274.
2, 3, 2099, 13721
List the prime factors of 41234925.
3, 5, 163, 3373
List the prime factors of 157906771.
11, 14355161
List the prime factors of 6591743764.
2, 1647935941
List the prime factors of 5530331936.
2, 13003, 13291
List the prime factors of 2908148347.
13, 31, 1319, 5471
What are the prime factors of 774375497?
7, 110625071
What are the prime factors of 128937932?
2, 5039, 6397
What are the prime factors of 160839909?
3, 43, 415607
List the prime factors of 968285727.
3, 29, 3709907
List the prime factors of 96263017.
96263017
List the prime factors of 1421857378.
2, 23, 571, 54133
List the prime factors of 1385977756.
2, 167, 2074817
List the prime factors of 6490843.
127, 51109
What are the prime factors of 3897062389?
11, 354278399
What are the prime factors of 286444914?
2, 3, 7, 6820117
What are the prime factors of 3051259120?
2, 5, 7, 13, 23, 18223
List the prime factors of 4793622842.
2, 53, 45222857
List the prime factors of 78974904.
2, 3, 73, 45077
What are the prime factors of 507385536?
2, 3, 7, 17, 53, 419
List the prime factors of 62002108.
2, 7, 31, 61, 1171
List the prime factors of 1286979201.
3, 107, 191, 6997
What are the prime factors of 1752387?
3, 7, 13, 131
What are the prime factors of 1335880472?
2, 227, 735617
List the prime factors of 14997378.
2, 3, 11, 227233
List the prime factors of 1846238817.
3, 211, 2916649
What are the prime factors of 34534776?
2, 3, 23, 62563
What are the prime factors of 6635011232?
2, 89, 2329709
List the prime factors of 8868221.
379, 23399
What are the prime factors of 3242665070?
2, 5, 1667, 194521
List the prime factors of 133385306.
2, 127, 241, 2179
What are the prime factors of 57241830?
2, 3, 5, 1908061
What are the prime factors of 1993696818?
2, 3, 293, 1134071
What are the prime factors of 509013532?
2, 43, 59, 50159
List the prime factors of 541846415.
5, 11, 599, 16447
List the prime factors of 1916613905.
5, 31, 73, 113, 1499
What are the prime factors of 36270376?
2, 4533797
List the prime factors of 443522770.
2, 5, 131, 338567
What are the prime factors of 35062587?
3, 7, 43
List the prime factors of 511272879.
3, 13, 13109561
List the prime factors of 1388589382.
2, 2803, 247697
What are the prime factors of 30208532?
2, 43, 175631
List the prime factors of 165810542.
2, 23, 37, 2633
What are the prime factors of 510710924?
2, 41, 3114091
What are the prime factors of 2399095406?
2, 59, 20331317
List the prime factors of 1619340161.
7603, 212987
List the prime factors of 1390338509.
7, 19, 73, 89, 1609
List the prime factors of 83146892.
2, 20786723
List the prime factors of 923326177.
2719, 339583
List the prime factors of 99083380.
2, 5, 11, 79, 5701
List the prime factors of 961597128.
2, 3, 109, 149, 2467
List the prime factors of 112540136.
2, 17, 827501
What are the prime factors of 122011004?
2, 29, 1051819
List the prime factors of 28641698.
2, 41, 43, 8123
What are the prime factors of 971232885?
3, 5, 7, 3083279
What are the prime factors of 273484793?
7589, 36037
List the prime factors of 797514083.
41, 1283, 15161
What are the prime factors of 92197320?
2, 3, 5, 251, 3061
List the prime factors of 79333397.
11, 13, 554779
What are the prime factors of 1615330575?
3, 5, 7179247
List the prime factors of 29717144.
2, 3714643
What are the prime factors of 1605391991?
7, 17, 13490689
What are the prime factors of 41491905?
3, 5, 7, 13, 113, 269
What are the prime factors of 1516593114?
2, 3, 113, 745621
What are the prime factors of 127586190?
2, 3, 5, 17, 250169
What are the prime factors of 108862825?
5, 4354513
List the prime factors of 3902904976.
2, 43, 5672827
What are the prime factors of 81080811?
3, 7, 421, 1019
What are the prime factors of 1021562731?
7, 2978317
What are the prime factors of 740654901?
3, 7, 23, 170383
What are the prime factors of 15658029?
3, 61, 3169
What are the prime factors of 12962269?
313, 41413
What are the prime factors of 586120534?
2, 31, 53, 107, 1667
List the prime factors of 1093966905.
3, 5, 31, 53, 44389
List the prime factors of 793917993.
3, 11, 24058121
What are the prime factors of 8662617?
3, 47, 20479
List the prime factors of 3215560327.
7, 459365761
List the prime factors of 514677827.
59, 8723353
What are the prime factors of 1743817105?
5, 23, 179, 84713
What are the prime factors of 225395493?
3, 75131831
List the prime factors of 15487937.
15487937
What are the prime factors of 29538981?
3, 137, 23957
List the prime factors of 151257331.
1091, 138641
List the prime factors of 4459375798.
2, 53, 42069583
What are the prime factors of 55626549?
3, 11, 67, 139, 181
List the prime f